st the prime factors of 705.
3, 5, 47
List the prime factors of 3283.
7, 67
What are the prime factors of 1709?
1709
List the prime factors of 778.
2, 389
List the prime factors of 4460.
2, 5, 223
What are the prime factors of 1622?
2, 811
List the prime factors of 42288.
2, 3, 881
What are the prime factors of 43428?
2, 3, 7, 11, 47
What are the prime factors of 158434?
2, 37, 2141
List the prime factors of 737.
11, 67
List the prime factors of 3079.
3079
List the prime factors of 1776.
2, 3, 37
List the prime factors of 5299.
7, 757
List the prime factors of 3628.
2, 907
List the prime factors of 1393.
7, 199
What are the prime factors of 1165?
5, 233
What are the prime factors of 8539?
8539
What are the prime factors of 2947?
7, 421
What are the prime factors of 3463?
3463
List the prime factors of 1113.
3, 7, 53
What are the prime factors of 67580?
2, 5, 31, 109
List the prime factors of 24300.
2, 3, 5
List the prime factors of 15498.
2, 3, 7, 41
What are the prime factors of 1184?
2, 37
List the prime factors of 5849.
5849
What are the prime factors of 12094?
2, 6047
What are the prime factors of 298?
2, 149
What are the prime factors of 7013?
7013
List the prime factors of 8973.
3, 997
What are the prime factors of 10639?
10639
List the prime factors of 177.
3, 59
What are the prime factors of 381?
3, 127
List the prime factors of 691.
691
What are the prime factors of 28141?
107, 263
What are the prime factors of 4098?
2, 3, 683
List the prime factors of 14569.
17, 857
List the prime factors of 1519.
7, 31
What are the prime factors of 53298?
2, 3, 7, 47
List the prime factors of 21682.
2, 37, 293
List the prime factors of 25486.
2, 12743
List the prime factors of 4048.
2, 11, 23
List the prime factors of 5619.
3, 1873
List the prime factors of 3222.
2, 3, 179
What are the prime factors of 8332?
2, 2083
List the prime factors of 311.
311
What are the prime factors of 20864?
2, 163
What are the prime factors of 3400?
2, 5, 17
List the prime factors of 9236.
2, 2309
List the prime factors of 9185.
5, 11, 167
What are the prime factors of 746?
2, 373
List the prime factors of 5876.
2, 13, 113
What are the prime factors of 1715?
5, 7
List the prime factors of 81624.
2, 3, 19, 179
List the prime factors of 174367.
174367
What are the prime factors of 155493?
3, 13, 443
What are the prime factors of 1305?
3, 5, 29
What are the prime factors of 17956?
2, 67
What are the prime factors of 2666?
2, 31, 43
List the prime factors of 6217.
6217
List the prime factors of 781.
11, 71
What are the prime factors of 17317?
17317
What are the prime factors of 597?
3, 199
What are the prime factors of 299?
13, 23
What are the prime factors of 1639?
11, 149
What are the prime factors of 4355?
5, 13, 67
List the prime factors of 16015.
5, 3203
What are the prime factors of 7793?
7793
What are the prime factors of 17918?
2, 17, 31
What are the prime factors of 80?
2, 5
List the prime factors of 28014.
2, 3, 7, 23, 29
What are the prime factors of 3067?
3067
List the prime factors of 3728.
2, 233
List the prime factors of 147498.
2, 3, 13, 31, 61
List the prime factors of 14481.
3, 1609
What are the prime factors of 2600?
2, 5, 13
List the prime factors of 105170.
2, 5, 13, 809
What are the prime factors of 93?
3, 31
What are the prime factors of 9278?
2, 4639
List the prime factors of 16277.
41, 397
List the prime factors of 2283.
3, 761
List the prime factors of 567.
3, 7
List the prime factors of 17548.
2, 41, 107
List the prime factors of 2065.
5, 7, 59
What are the prime factors of 945?
3, 5, 7
What are the prime factors of 18083?
13, 107
What are the prime factors of 6030?
2, 3, 5, 67
What are the prime factors of 24339?
3, 7, 19, 61
What are the prime factors of 4026?
2, 3, 11, 61
List the prime factors of 5306.
2, 7, 379
List the prime factors of 5771.
29, 199
What are the prime factors of 1151?
1151
What are the prime factors of 859?
859
List the prime factors of 105052.
2, 26263
What are the prime factors of 9505?
5, 1901
What are the prime factors of 132?
2, 3, 11
What are the prime factors of 4060?
2, 5, 7, 29
What are the prime factors of 5938?
2, 2969
What are the prime factors of 842?
2, 421
List the prime factors of 8463.
3, 7, 13, 31
List the prime factors of 5650.
2, 5, 113
What are the prime factors of 27376?
2, 29, 59
List the prime factors of 79378.
2, 13, 43, 71
What are the prime factors of 220?
2, 5, 11
What are the prime factors of 41139?
3, 7, 653
What are the prime factors of 3545?
5, 709
List the prime factors of 177984.
2, 3, 103
List the prime factors of 1134.
2, 3, 7
What are the prime factors of 7729?
59, 131
What are the prime factors of 16550?
2, 5, 331
List the prime factors of 473.
11, 43
List the prime factors of 420.
2, 3, 5, 7
What are the prime factors of 1310?
2, 5, 131
What are the prime factors of 693?
3, 7, 11
What are the prime factors of 8682?
2, 3, 1447
List the prime factors of 409.
409
List the prime factors of 2052.
2, 3, 19
What are the prime factors of 1756?
2, 439
What are the prime factors of 71689?
17, 4217
What are the prime factors of 18784?
2, 587
What are the prime factors of 6836?
2, 1709
What are the prime factors of 32610?
2, 3, 5, 1087
What are the prime factors of 123?
3, 41
List the prime factors of 3735.
3, 5, 83
What are the prime factors of 3563?
7, 509
List the prime factors of 4964.
2, 17, 73
List the prime factors of 4293.
3, 53
What are the prime factors of 7047?
3, 29
What are the prime factors of 8603?
7, 1229
What are the prime factors of 7662?
2, 3, 1277
List the prime factors of 788.
2, 197
List the prime factors of 50413.
11, 4583
List the prime factors of 13841.
13841
What are the prime factors of 14937?
3, 13, 383
What are the prime factors of 12619?
12619
List the prime factors of 20893.
17, 1229
What are the prime factors of 15326?
2, 79, 97
What are the prime factors of 13814?
2, 6907
List the prime factors of 2368.
2, 37
List the prime factors of 55854.
2, 3, 29, 107
What are the prime factors of 1276?
2, 11, 29
List the prime factors of 47902.
2, 43, 557
List the prime factors of 8245.
5, 17, 97
What are the prime factors of 26276?
2, 6569
List the prime factors of 737.
11, 67
What are the prime factors of 282?
2, 3, 47
List the prime factors of 16330.
2, 5, 23, 71
List the prime factors of 24536.
2, 3067
List the prime factors of 1570.
2, 5, 157
What are the prime factors of 4994?
2, 11, 227
List the prime factors of 8315.
5, 1663
What are the prime factors of 13526?
2, 6763
List the prime factors of 47086.
2, 13, 1811
What are the prime factors of 6950?
2, 5, 139
What are the prime factors of 768?
2, 3
What are the prime factors of 9391?
9391
List the prime factors of 20477.
20477
List the prime factors of 1091.
1091
List the prime factors of 637.
7, 13
List the prime factors of 4550.
2, 5, 7, 13
What are the prime factors of 27456?
2, 3, 11, 13
List the prime factors of 8869.
7, 181
List the prime factors of 4104.
2, 3, 19
List the prime factors of 972.
2, 3
What are the prime factors of 6840?
2, 3, 5, 19
List the prime factors of 2830.
2, 5, 283
List the prime factors of 1159.
19, 61
What are the prime factors of 270?
2, 3, 5
What are the prime factors of 96280?
2, 5, 29, 83
List the prime factors of 1921.
17, 113
What are the prime factors of 1512?
2, 3, 7
List the prime factors of 17231.
17231
List the prime factors of 506.
2, 11, 23
List the prime factors of 8023.
71, 113
What are the prime factors of 41875?
5, 67
What are the prime factors of 805?
5, 7, 23
List the prime factors of 9360.
2, 3, 5, 13
What are the prime factors of 183568?
2, 7, 11, 149
What are the prime factors of 2121?
3, 7, 101
List the prime factors of 2685.
3, 5, 179
List the prime factors of 1625.
5, 13
What are the prime factors of 7185?
3, 5, 479
What are the prime factors of 38515?
5, 7703
What are the prime factors of 2908?
2, 727
List the prime factors of 2820.
2, 3, 5, 47
List the prime factors of 949.
13, 73
What are the prime factors of 20531?
7, 419
List the prime factors of 8106.
2, 3, 7, 193
What are the prime factors of 389?
389
What are the prime factors of 1126?
2, 563
What are the prime factors of 43702?
2, 21851
What are the prime factors of 7138?
2, 43, 83
What are the prime f